{"id":987553059,"date":"2025-08-26T08:05:56","date_gmt":"2025-08-26T08:05:56","guid":{"rendered":"https:\/\/www.moon-evenementiel.com\/?post_type=product&#038;p=987553059"},"modified":"2025-09-30T13:32:25","modified_gmt":"2025-09-30T13:32:25","slug":"borne-selfie-avec-imprimante","status":"publish","type":"product","link":"https:\/\/www.moon-evenementiel.com\/index.php\/produit\/borne-selfie-avec-imprimante\/","title":{"rendered":"Borne Selfie avec imprimante"},"content":{"rendered":"<h1>Borne Selfie avec imprimante \u2013 L\u2019animation photo incontournable pour vos \u00e9v\u00e9nements<\/h1>\n<h3><b>Une animation moderne et conviviale<\/b><\/h3>\n<p class=\"p3\">La <span class=\"s2\"><b>Borne Selfie avec imprimante<\/b><\/span> est l\u2019alli\u00e9e parfaite pour dynamiser vos \u00e9v\u00e9nements et offrir \u00e0 vos invit\u00e9s un souvenir unique. Mariages, anniversaires, soir\u00e9es d\u2019entreprise, s\u00e9minaires ou encore animations commerciales : elle s\u2019int\u00e8gre facilement \u00e0 toutes vos ambiances. Son design moderne et sa prise en main intuitive s\u00e9duisent aussi bien les particuliers que les professionnels. Gr\u00e2ce \u00e0 elle, vos convives repartent avec un clich\u00e9 imprim\u00e9 ou num\u00e9rique, et vos \u00e9v\u00e9nements gagnent en interactivit\u00e9 et en convivialit\u00e9.<\/p>\n<h3><b>Pratique et facile \u00e0 transporter<\/b><\/h3>\n<p class=\"p3\">Con\u00e7ue pour s\u2019adapter \u00e0 tous vos besoins, la borne est <span class=\"s2\"><b>l\u00e9g\u00e8re et d\u00e9montable<\/b><\/span> (t\u00eate, pied, socle). Elle se transporte ais\u00e9ment et s\u2019installe en quelques minutes seulement. Disponible avec ou sans imprimante, elle s\u2019adapte aux configurations et aux budgets. Une housse de transport est \u00e9galement propos\u00e9e pour plus de s\u00e9curit\u00e9 et de praticit\u00e9.<\/p>\n<h3><b>Des photos m\u00e9morables et personnalis\u00e9es<\/b><\/h3>\n<p class=\"p3\">Avec la Borne Selfie, vos invit\u00e9s peuvent r\u00e9aliser des clich\u00e9s seuls ou en groupe, avec <span class=\"s2\"><b>diff\u00e9rents formats de prise de vue<\/b><\/span>: de 1 \u00e0 4 poses, carr\u00e9, portrait ou encore en bande 15&#215;5 cm. Les photos sont imprim\u00e9es instantan\u00e9ment (version imprimante 10&#215;15 cm) ou envoy\u00e9es par mail et r\u00e9seaux sociaux (Facebook, Twitter, etc.). De plus, elles sont sauvegard\u00e9es en haute r\u00e9solution pour \u00eatre r\u00e9utilis\u00e9es apr\u00e8s l\u2019\u00e9v\u00e9nement.<\/p>\n<p class=\"p3\">La borne offre \u00e9galement des options cr\u00e9atives comme les <span class=\"s2\"><b>GIFs anim\u00e9s<\/b><\/span>, les <span class=\"s2\"><b>templates personnalis\u00e9s<\/b><\/span> (jusqu\u2019\u00e0 6 mod\u00e8les aux couleurs de votre \u00e9v\u00e9nement) ou encore la <span class=\"s2\"><b>technologie Chromakey<\/b><\/span>, qui permet d\u2019int\u00e9grer des fonds virtuels pour une exp\u00e9rience encore plus ludique.<\/p>\n<h3><b>Une interface ludique et personnalisable<\/b><\/h3>\n<p class=\"p3\">\u00c9quip\u00e9e d\u2019un \u00e9cran tactile 19\u201d et d\u2019une interface ergonomique, la borne rend la navigation intuitive. Les utilisateurs peuvent personnaliser l\u2019exp\u00e9rience gr\u00e2ce \u00e0 de nouveaux d\u00e9cors funs, des compteurs de photos, ou encore la possibilit\u00e9 de r\u00e9imprimer leurs clich\u00e9s. Son <span class=\"s2\"><b>r\u00e9tro-\u00e9clairage LED multicolore<\/b><\/span> et ses stickers personnalisables assurent une parfaite int\u00e9gration dans la sc\u00e9nographie de votre \u00e9v\u00e9nement.<\/p>\n<p>&nbsp;<\/p>\n<p><b>\ud83d\udcf8<\/b> <b>Avec la Borne Selfie Moon, transformez vos instants en souvenirs lumineux et partagez la magie de vos \u00e9v\u00e9nements.<\/b><\/p>\n","protected":false},"excerpt":{"rendered":"<h2><strong>Borne Selfie avec imprimante \u2013 L\u2019animation photo incontournable pour vos \u00e9v\u00e9nements<\/strong><\/h2>\n<p class=\"p1\">Louez notre <span class=\"s1\"><b>Borne Selfie<\/b> \u00e0 Dunkerque, qui<\/span>\u00a0anime vos \u00e9v\u00e9nements avec des photos personnalis\u00e9es, imprim\u00e9es ou partag\u00e9es en ligne. Simple \u00e0 transporter, moderne et ludique, elle cr\u00e9e des souvenirs inoubliables pour vos invit\u00e9s.<\/p>\n","protected":false},"featured_media":987553060,"template":"","meta":{"_et_pb_use_builder":"","_et_pb_old_content":"","_et_gb_content_width":""},"product_brand":[],"product_cat":[122],"product_tag":[124,37,33,123],"class_list":{"0":"post-987553059","1":"product","2":"type-product","3":"status-publish","4":"has-post-thumbnail","6":"product_cat-photo-et-video","7":"product_tag-borne-a-selfies","8":"product_tag-dunkerque","9":"product_tag-location","10":"product_tag-photomaton","12":"first","13":"instock","14":"taxable","15":"shipping-taxable","16":"purchasable","17":"product-type-simple"},"yoast_head":"<!-- This site is optimized with the Yoast SEO plugin v25.7 - https:\/\/yoast.com\/wordpress\/plugins\/seo\/ -->\n<title>Borne Selfie avec imprimante - MOON \u00c9v\u00e9nementiel<\/title>\n<meta name=\"description\" content=\"Animez vos \u00e9v\u00e9nements avec la Borne Selfie avec imprimante : photos instantan\u00e9es, GIFs, d\u00e9cors funs et partage sur r\u00e9seaux sociaux !\" \/>\n<meta name=\"robots\" content=\"index, follow, max-snippet:-1, max-image-preview:large, max-video-preview:-1\" \/>\n<link rel=\"canonical\" href=\"https:\/\/www.moon-evenementiel.com\/index.php\/produit\/borne-selfie-avec-imprimante\/\" \/>\n<meta property=\"og:locale\" content=\"fr_FR\" \/>\n<meta property=\"og:type\" content=\"article\" \/>\n<meta property=\"og:title\" content=\"Borne Selfie avec imprimante - MOON \u00c9v\u00e9nementiel\" \/>\n<meta property=\"og:description\" content=\"Animez vos \u00e9v\u00e9nements avec la Borne Selfie avec imprimante : photos instantan\u00e9es, GIFs, d\u00e9cors funs et partage sur r\u00e9seaux sociaux !\" \/>\n<meta property=\"og:url\" content=\"https:\/\/www.moon-evenementiel.com\/index.php\/produit\/borne-selfie-avec-imprimante\/\" \/>\n<meta property=\"og:site_name\" content=\"MOON \u00c9v\u00e9nementiel\" \/>\n<meta property=\"article:publisher\" content=\"https:\/\/www.facebook.com\/share\/1EoGw3KKA8\/?mibextid=wwXIfr\" \/>\n<meta property=\"article:modified_time\" content=\"2025-09-30T13:32:25+00:00\" \/>\n<meta property=\"og:image\" content=\"https:\/\/www.moon-evenementiel.com\/wp-content\/uploads\/2025\/08\/BORNE-BOUTIQUE.png\" \/>\n\t<meta property=\"og:image:width\" content=\"500\" \/>\n\t<meta property=\"og:image:height\" content=\"500\" \/>\n\t<meta property=\"og:image:type\" content=\"image\/png\" \/>\n<meta name=\"twitter:card\" content=\"summary_large_image\" \/>\n<meta name=\"twitter:label1\" content=\"Dur\u00e9e de lecture estim\u00e9e\" \/>\n\t<meta name=\"twitter:data1\" content=\"2 minutes\" \/>\n<script type=\"application\/ld+json\" class=\"yoast-schema-graph\">{\"@context\":\"https:\/\/schema.org\",\"@graph\":[{\"@type\":\"WebPage\",\"@id\":\"https:\/\/www.moon-evenementiel.com\/index.php\/produit\/borne-selfie-avec-imprimante\/\",\"url\":\"https:\/\/www.moon-evenementiel.com\/index.php\/produit\/borne-selfie-avec-imprimante\/\",\"name\":\"Borne Selfie avec imprimante - MOON \u00c9v\u00e9nementiel\",\"isPartOf\":{\"@id\":\"https:\/\/www.moon-evenementiel.com\/#website\"},\"primaryImageOfPage\":{\"@id\":\"https:\/\/www.moon-evenementiel.com\/index.php\/produit\/borne-selfie-avec-imprimante\/#primaryimage\"},\"image\":{\"@id\":\"https:\/\/www.moon-evenementiel.com\/index.php\/produit\/borne-selfie-avec-imprimante\/#primaryimage\"},\"thumbnailUrl\":\"https:\/\/www.moon-evenementiel.com\/wp-content\/uploads\/2025\/08\/BORNE-BOUTIQUE.png\",\"datePublished\":\"2025-08-26T08:05:56+00:00\",\"dateModified\":\"2025-09-30T13:32:25+00:00\",\"description\":\"Animez vos \u00e9v\u00e9nements avec la Borne Selfie avec imprimante : photos instantan\u00e9es, GIFs, d\u00e9cors funs et partage sur r\u00e9seaux sociaux !\",\"breadcrumb\":{\"@id\":\"https:\/\/www.moon-evenementiel.com\/index.php\/produit\/borne-selfie-avec-imprimante\/#breadcrumb\"},\"inLanguage\":\"fr-FR\",\"potentialAction\":[{\"@type\":\"ReadAction\",\"target\":[\"https:\/\/www.moon-evenementiel.com\/index.php\/produit\/borne-selfie-avec-imprimante\/\"]}]},{\"@type\":\"ImageObject\",\"inLanguage\":\"fr-FR\",\"@id\":\"https:\/\/www.moon-evenementiel.com\/index.php\/produit\/borne-selfie-avec-imprimante\/#primaryimage\",\"url\":\"https:\/\/www.moon-evenementiel.com\/wp-content\/uploads\/2025\/08\/BORNE-BOUTIQUE.png\",\"contentUrl\":\"https:\/\/www.moon-evenementiel.com\/wp-content\/uploads\/2025\/08\/BORNE-BOUTIQUE.png\",\"width\":500,\"height\":500},{\"@type\":\"BreadcrumbList\",\"@id\":\"https:\/\/www.moon-evenementiel.com\/index.php\/produit\/borne-selfie-avec-imprimante\/#breadcrumb\",\"itemListElement\":[{\"@type\":\"ListItem\",\"position\":1,\"name\":\"Accueil\",\"item\":\"https:\/\/www.moon-evenementiel.com\/\"},{\"@type\":\"ListItem\",\"position\":2,\"name\":\"Boutique\",\"item\":\"http:\/\/www.moon-evenementiel.com\/index.php\/boutique\/\"},{\"@type\":\"ListItem\",\"position\":3,\"name\":\"Borne Selfie avec imprimante\"}]},{\"@type\":\"WebSite\",\"@id\":\"https:\/\/www.moon-evenementiel.com\/#website\",\"url\":\"https:\/\/www.moon-evenementiel.com\/\",\"name\":\"Moon \u00c9v\u00e8nementiel\",\"description\":\"Location et prestations \u00e9v\u00e9nementielles\",\"publisher\":{\"@id\":\"https:\/\/www.moon-evenementiel.com\/#organization\"},\"potentialAction\":[{\"@type\":\"SearchAction\",\"target\":{\"@type\":\"EntryPoint\",\"urlTemplate\":\"https:\/\/www.moon-evenementiel.com\/?s={search_term_string}\"},\"query-input\":{\"@type\":\"PropertyValueSpecification\",\"valueRequired\":true,\"valueName\":\"search_term_string\"}}],\"inLanguage\":\"fr-FR\"},{\"@type\":\"Organization\",\"@id\":\"https:\/\/www.moon-evenementiel.com\/#organization\",\"name\":\"Moon \u00c9v\u00e8nementiel\",\"url\":\"https:\/\/www.moon-evenementiel.com\/\",\"logo\":{\"@type\":\"ImageObject\",\"inLanguage\":\"fr-FR\",\"@id\":\"https:\/\/www.moon-evenementiel.com\/#\/schema\/logo\/image\/\",\"url\":\"https:\/\/www.moon-evenementiel.com\/wp-content\/uploads\/2025\/08\/1-copie.png\",\"contentUrl\":\"https:\/\/www.moon-evenementiel.com\/wp-content\/uploads\/2025\/08\/1-copie.png\",\"width\":500,\"height\":500,\"caption\":\"Moon \u00c9v\u00e8nementiel\"},\"image\":{\"@id\":\"https:\/\/www.moon-evenementiel.com\/#\/schema\/logo\/image\/\"},\"sameAs\":[\"https:\/\/www.facebook.com\/share\/1EoGw3KKA8\/?mibextid=wwXIfr\",\"https:\/\/www.instagram.com\/moon.evenementiel?igsh=dmlwcjBxZXc4MDRm&utm_source=qr\"]}]}<\/script>\n<!-- \/ Yoast SEO plugin. -->","yoast_head_json":{"title":"Borne Selfie avec imprimante - MOON \u00c9v\u00e9nementiel","description":"Animez vos \u00e9v\u00e9nements avec la Borne Selfie avec imprimante : photos instantan\u00e9es, GIFs, d\u00e9cors funs et partage sur r\u00e9seaux sociaux !","robots":{"index":"index","follow":"follow","max-snippet":"max-snippet:-1","max-image-preview":"max-image-preview:large","max-video-preview":"max-video-preview:-1"},"canonical":"https:\/\/www.moon-evenementiel.com\/index.php\/produit\/borne-selfie-avec-imprimante\/","og_locale":"fr_FR","og_type":"article","og_title":"Borne Selfie avec imprimante - MOON \u00c9v\u00e9nementiel","og_description":"Animez vos \u00e9v\u00e9nements avec la Borne Selfie avec imprimante : photos instantan\u00e9es, GIFs, d\u00e9cors funs et partage sur r\u00e9seaux sociaux !","og_url":"https:\/\/www.moon-evenementiel.com\/index.php\/produit\/borne-selfie-avec-imprimante\/","og_site_name":"MOON \u00c9v\u00e9nementiel","article_publisher":"https:\/\/www.facebook.com\/share\/1EoGw3KKA8\/?mibextid=wwXIfr","article_modified_time":"2025-09-30T13:32:25+00:00","og_image":[{"width":500,"height":500,"url":"https:\/\/www.moon-evenementiel.com\/wp-content\/uploads\/2025\/08\/BORNE-BOUTIQUE.png","type":"image\/png"}],"twitter_card":"summary_large_image","twitter_misc":{"Dur\u00e9e de lecture estim\u00e9e":"2 minutes"},"schema":{"@context":"https:\/\/schema.org","@graph":[{"@type":"WebPage","@id":"https:\/\/www.moon-evenementiel.com\/index.php\/produit\/borne-selfie-avec-imprimante\/","url":"https:\/\/www.moon-evenementiel.com\/index.php\/produit\/borne-selfie-avec-imprimante\/","name":"Borne Selfie avec imprimante - MOON \u00c9v\u00e9nementiel","isPartOf":{"@id":"https:\/\/www.moon-evenementiel.com\/#website"},"primaryImageOfPage":{"@id":"https:\/\/www.moon-evenementiel.com\/index.php\/produit\/borne-selfie-avec-imprimante\/#primaryimage"},"image":{"@id":"https:\/\/www.moon-evenementiel.com\/index.php\/produit\/borne-selfie-avec-imprimante\/#primaryimage"},"thumbnailUrl":"https:\/\/www.moon-evenementiel.com\/wp-content\/uploads\/2025\/08\/BORNE-BOUTIQUE.png","datePublished":"2025-08-26T08:05:56+00:00","dateModified":"2025-09-30T13:32:25+00:00","description":"Animez vos \u00e9v\u00e9nements avec la Borne Selfie avec imprimante : photos instantan\u00e9es, GIFs, d\u00e9cors funs et partage sur r\u00e9seaux sociaux !","breadcrumb":{"@id":"https:\/\/www.moon-evenementiel.com\/index.php\/produit\/borne-selfie-avec-imprimante\/#breadcrumb"},"inLanguage":"fr-FR","potentialAction":[{"@type":"ReadAction","target":["https:\/\/www.moon-evenementiel.com\/index.php\/produit\/borne-selfie-avec-imprimante\/"]}]},{"@type":"ImageObject","inLanguage":"fr-FR","@id":"https:\/\/www.moon-evenementiel.com\/index.php\/produit\/borne-selfie-avec-imprimante\/#primaryimage","url":"https:\/\/www.moon-evenementiel.com\/wp-content\/uploads\/2025\/08\/BORNE-BOUTIQUE.png","contentUrl":"https:\/\/www.moon-evenementiel.com\/wp-content\/uploads\/2025\/08\/BORNE-BOUTIQUE.png","width":500,"height":500},{"@type":"BreadcrumbList","@id":"https:\/\/www.moon-evenementiel.com\/index.php\/produit\/borne-selfie-avec-imprimante\/#breadcrumb","itemListElement":[{"@type":"ListItem","position":1,"name":"Accueil","item":"https:\/\/www.moon-evenementiel.com\/"},{"@type":"ListItem","position":2,"name":"Boutique","item":"http:\/\/www.moon-evenementiel.com\/index.php\/boutique\/"},{"@type":"ListItem","position":3,"name":"Borne Selfie avec imprimante"}]},{"@type":"WebSite","@id":"https:\/\/www.moon-evenementiel.com\/#website","url":"https:\/\/www.moon-evenementiel.com\/","name":"Moon \u00c9v\u00e8nementiel","description":"Location et prestations \u00e9v\u00e9nementielles","publisher":{"@id":"https:\/\/www.moon-evenementiel.com\/#organization"},"potentialAction":[{"@type":"SearchAction","target":{"@type":"EntryPoint","urlTemplate":"https:\/\/www.moon-evenementiel.com\/?s={search_term_string}"},"query-input":{"@type":"PropertyValueSpecification","valueRequired":true,"valueName":"search_term_string"}}],"inLanguage":"fr-FR"},{"@type":"Organization","@id":"https:\/\/www.moon-evenementiel.com\/#organization","name":"Moon \u00c9v\u00e8nementiel","url":"https:\/\/www.moon-evenementiel.com\/","logo":{"@type":"ImageObject","inLanguage":"fr-FR","@id":"https:\/\/www.moon-evenementiel.com\/#\/schema\/logo\/image\/","url":"https:\/\/www.moon-evenementiel.com\/wp-content\/uploads\/2025\/08\/1-copie.png","contentUrl":"https:\/\/www.moon-evenementiel.com\/wp-content\/uploads\/2025\/08\/1-copie.png","width":500,"height":500,"caption":"Moon \u00c9v\u00e8nementiel"},"image":{"@id":"https:\/\/www.moon-evenementiel.com\/#\/schema\/logo\/image\/"},"sameAs":["https:\/\/www.facebook.com\/share\/1EoGw3KKA8\/?mibextid=wwXIfr","https:\/\/www.instagram.com\/moon.evenementiel?igsh=dmlwcjBxZXc4MDRm&utm_source=qr"]}]}},"_links":{"self":[{"href":"https:\/\/www.moon-evenementiel.com\/index.php\/wp-json\/wp\/v2\/product\/987553059","targetHints":{"allow":["GET"]}}],"collection":[{"href":"https:\/\/www.moon-evenementiel.com\/index.php\/wp-json\/wp\/v2\/product"}],"about":[{"href":"https:\/\/www.moon-evenementiel.com\/index.php\/wp-json\/wp\/v2\/types\/product"}],"wp:featuredmedia":[{"embeddable":true,"href":"https:\/\/www.moon-evenementiel.com\/index.php\/wp-json\/wp\/v2\/media\/987553060"}],"wp:attachment":[{"href":"https:\/\/www.moon-evenementiel.com\/index.php\/wp-json\/wp\/v2\/media?parent=987553059"}],"wp:term":[{"taxonomy":"product_brand","embeddable":true,"href":"https:\/\/www.moon-evenementiel.com\/index.php\/wp-json\/wp\/v2\/product_brand?post=987553059"},{"taxonomy":"product_cat","embeddable":true,"href":"https:\/\/www.moon-evenementiel.com\/index.php\/wp-json\/wp\/v2\/product_cat?post=987553059"},{"taxonomy":"product_tag","embeddable":true,"href":"https:\/\/www.moon-evenementiel.com\/index.php\/wp-json\/wp\/v2\/product_tag?post=987553059"}],"curies":[{"name":"wp","href":"https:\/\/api.w.org\/{rel}","templated":true}]}}